2)?
3
Let y(o) = o**2 + 5*o - 21. Let b be y(6). Let c = b + -28. What is the tens digit of c?
1
Suppose -12*q + 17*q = 2220. What is the tens digit of q?
4
Let j = 861 - 78. What is the units digit of j?
3
Let m = 207 - 104. Let r = m + -28. What is the tens digit of r?
7
Suppose 258*t = 259*t - 621. What is the hundreds digit of t?
6
What is the hundreds digit of (-4613)/(-14) + 10/(-4)?
3
Let p be (-140)/(-42)*((-2)/(-10) - -1). Suppose 4*l = p*x + l - 364, -x + 84 = l. What is the units digit of x?
8
Suppose 0 = 2*i + 2*s + 246, -3*s + 1 = -5. Let u = 4 - i. What is the tens digit of u?
2
Suppose -2*a + 7 = -5. Let y(k) = 3*k**2 - 3*k - 26. What is the tens digit of y(a)?
6
Let p(h) = 2*h - 2. Let v be p(-2). Let z = 8 - 12. Let d = z - v. What is the units digit of d?
2
Suppose 2313 + 1283 = -5*m + q, 5*m = 4*q - 3584. Let u = -135 - m. What is the tens digit of (u/36)/((-3)/(-12))?
6
Let w = 13 - 9. Suppose 0 = 3*d - 5*v - 16, -10 = -3*d - 0*v + 2*v. Suppose -w*x - d*j - 3*j + 67 = 0, 15 = x + 3*j. What is the tens digit of x?
1
Let r(k) = 4*k**2 + k**3 - 1 + 8*k**2 - 3*k**2 + 10*k + 0. Let f be r(-8). Let w = 37 + f. What is the tens digit of w?
2
Suppose 4*k - 2*m - 6 = -0*k, 2*k + m - 13 = 0. Let u(j) = 6 - 2 + 2*j**3 - k*j**3 - 3*j**2. What is the tens digit of u(-3)?
3
Let m(o) = 56*o**2 + 3*o + 14. What is the units digit of m(5)?
9
Let l be (-2)/10 + 66/30. What is the units digit of -4 - 415/(-45) - l/9?
5
Let a(v) = -v**3 - 2*v**2 + v + 2. Let q be a(-1). Suppose 4*d + 10 = 3*z - q*d, 0 = -z + 2*d + 4. Suppose -z*m + m + 52 = 0. What is the units digit of m?
2
Suppose -39*b = -88639 - 45638. What is the hundreds digit of b?
4
What is the units digit of (58/4 - 8)*(1 - -33)?
1
Suppose 0 = -d + 5*d - 2*m - 322, 0 = -4*d + m + 317. Suppose 2*y = -0*y - 3*k + 20, 0 = -3*y + k + 8. Suppose d = y*p - 10. What is the tens digit of p?
2
Let q(d) = -2*d - 10. Let z be q(-5). Suppose 4*i = -z*i + 20. What is the units digit of i?
5
Let m = -71 - -123. Let z = 157 - m. What is the units digit of z?
5
Let i be -17 - 0/(-4 + 1). Let v = 10 + i. Let z(b) = -7*b - 17. What is the tens digit of z(v)?
3
Let p = 1141 + 626. What is the thousands digit of p?
1
Suppose 0*w + 5*w = 120. What is the units digit of 4*(-4)/w*-93?
2
Let d(p) = -p**3 + p**2 + 5*p + 1. Let a be d(-2). Suppose 7 = a*k - 14. What is the units digit of k?
7
Suppose -2*g - 4*m = 72, 5*m + 144 = -0*g - 4*g. Suppose -36 + 336 = 6*d. Let y = d + g. What is the tens digit of y?
1
Let u be 2/(4*(-3)/18). Let g(f) = -f**3 + 3*f**2 - 4*f - 4. What is the units digit of g(u)?
2
Let t(z) be the third derivative of -13*z**4/8 - 17*z**3/3 - 29*z**2. What is the units digit of t(-5)?
1
Let h = 167 - -897. What is the hundreds digit of h?
0
Let y(a) = 3*a**2 + 3*a - 2. Let p(m) = -m**3 + 4*m**2 - 2*m - 1. Let h be p(3). Let o be y(h). Let c = o - 11. What is the units digit of c?
5
Let g(w) = -30*w - 18. Let x be g(-8). Suppose -9*u + 6*u + x = 0. Suppose -y + 3*y = 2*j + u, 0 = 2*j. What is the tens digit of y?
3
Let n be ((-12)/8)/((-8)/(-2336)). What is the hundreds digit of (n/8)/(6 + (-153)/24)?
1
Let s = -120 - -217. Suppose 3*z = 5*z - 3*q - s, 5*z + q = 234. Suppose -7 = 2*v - z. What is the tens digit of v?
2
Suppose 39*k - 2744 = 11*k. What is the units digit of k?
8
Suppose -2 - 2 = -2*y. Suppose 0 = -y*n - 3*n + 15. Suppose 0 = -4*l + l + n. What is the units digit of l?
1
What is the units digit of 8 - ((-22)/(-66) - (-29552)/(-6))?
3
Let x = -709 + 1285. What is the tens digit of x?
7
Let h be 15/5 + 0 - 5. What is the tens digit of 92*(4/(-8) - h)?
3
Let c(v) = 3*v - 4. Suppose 3*l - 21 = -2*t, -9 = -5*t - 2*l + 16. Suppose -t*n + 8 = -22. What is the tens digit of c(n)?
2
Suppose -3 = 2*t - j + 3, t + 10 = -3*j. Let f(m) = m**2 + 5. What is the units digit of f(t)?
1
Let g(f) = 55*f + 45. Let w be g(-7). Let h = -243 - w. What is the tens digit of h?
9
Suppose x + 2*d = 12, 7 + 51 = 4*x + 3*d. Suppose -x = -o - 3. What is the units digit of o?
3
Let p be 6/12*(-6)/1. Let b be p + (7 + -3 - 1). Suppose b = 4*q - 6*q + 38. What is the units digit of q?
9
Suppose 2*t + 5*d + 44 = 0, 3*t + 25 = -2*d - 63. What is the tens digit of 4/t*-926 - 3/4?
1
Suppose -3*u = -2*u - 106. Suppose -2*g - 3*g - 2*o = -u, 2*o - 86 = -4*g. What is the tens digit of g?
2
Let q = 128 - 46. Let g = q + -47. What is the units digit of g?
5
Suppose -10*u + 1272 = -3688. What is the hundreds digit of u?
4
Let u = -152 + 131. Let w be -23 - (4/(-2))/2. Let i = u - w. What is the units digit of i?
1
Suppose -2 = s - 4. Suppose -3*o - 108 = -0*f - 3*f, s*f - 66 = 5*o. What is the tens digit of f?
3
Let h(w) = 4*w**2 - 10*w - 30. Let f be h(-7). Let g = f + -116. What is the units digit of g?
0
Let z(w) = 531*w + 72. What is the units digit of z(11)?
3
Let r be (-852)/8*(2 - (-28)/(-6)). Let s = 494 - r. What is the tens digit of s?
1
Let q(c) = -c**3 - 13*c**2 - 26*c + 35. What is the hundreds digit of q(-13)?
3
Let u(h) = 4*h**3 - 20 + 7*h**2 - 3*h**3 + 14*h + 40 + 5*h**2. What is the units digit of u(-10)?
0
Suppose r - 36 = 4*x + x, -x = -4*r + 201. Suppose -25 = -7*b + 2*b. Suppose 2*g - 43 = -5*p + r, b*g - 262 = p. What is the units digit of g?
2
Let b(p) = -28*p**3 + 10*p**2 - 2 + 7 + 27*p**3 - 4*p. What is the units digit of b(9)?
0
Suppose b - 4*h + 4 = 0, 5*b = 3*h - 35 - 2. Let q be 0/((-4)/b*2). Suppose o + q*o = 53. What is the tens digit of o?
5
Suppose 5*q = 3*q + 70. Let l = q + -29. What is the units digit of l?
6
Suppose i + 376 = 6*i - d, -3*i + 228 = -3*d. What is the units digit of i?
5
Suppose 91*l - 164727 = 64*l. What is the thousands digit of l?
6
Let u(v) = 4*v**3 + 2*v**2 - v - 1. Let w be u(1). What is the tens digit of 66 - w/(1/(-1))?
7
Let n = -137 + 88. What is the hundreds digit of (-6755)/n + 1/7?
1
Suppose 0 = 5*l - 6556 + 1171. What is the tens digit of l?
7
Suppose 22*q + 12*q - 18122 = 0. What is the hundreds digit of q?
5
Suppose -2*l + 55 = -5*v, -5*l + 7*v + 129 = 3*v. What is the tens digit of (-15)/l + (-788)/(-5)?
5
Suppose 0*w + 126 = 3*l - 3*w, -w = l - 42. Let i(h) = 2*h**3 - 2*h**2 - 3*h + 2. Let d be i(2). Let f = l - d. What is the tens digit of f?
3
Suppose 0 = -435*v + 440*v - 5370. What is the units digit of v?
4
Let q = 264 + -182. Let w = q - -54. What is the tens digit of w?
3
Suppose -9 = -3*m, 3*j - 3*m + m - 66 = 0. Let h be (-1)/(1/(5/1)). Let f = j + h. What is the units digit of f?
9
Let a = 0 - 0. Let t(g) = g + 31. What is the units digit of t(a)?
1
Let u(t) = -t**3 - 16*t**2 - 14*t + 7. Let l be u(-15). Let h(k) = k**3 + 10*k**2 + 11*k - 5. Let v be h(l). What is the tens digit of (v/(-2))/(1/(-2))?
3
Let s = 6 + -8. Let v(c) = -5*c + 5. Let w(p) = -11*p + 13. Let o(x) = 15*v(x) - 6*w(x). What is the units digit of o(s)?
5
Let r = 2253 - -3114. What is the hundreds digit of r?
3
Suppose -4*p - 3*v = -8*v + 23, 2*v - 4 = -p. Let s = p + 11. Let a = 12 - s. What is the units digit of a?
3
Suppose 828 = 4*k - 4*j, 2*j + 625 = 3*k - 3*j. Let n = 289 - k. What is the units digit of n?
4
Suppose 2*r + 0 = -18. Let o be (-3)/r - 8/(-3). What is the tens digit of 16/6*9 + o?
2
Suppose -3*u + 35 = -k, -k - 13 = -2*u + u. Let m(o) = -o**3 + o + 1. Let z(l) = -l**3 + 2*l + 2. Let v(a) = u*m(a) - 6*z(a). What is the units digit of v(-1)?
5
Let r(t) = 3*t**3 - 2*t**2 + 2*t - 1. Let b be 14/(-21) + (-10)/(-6). Let u be r(b). What is the units digit of (18/12)/(u/16)?
2
Suppose -3*k = -5*p + 44, 0 = p + p + k - 11. Let q = 1 - -18. What is the units digit of (p + -6)*q*1?
9
Let x = 78 + -34. Suppose x = 2*d - 18. What is the units digit of d?
1
Suppose 3*g - 2*g = 3. Let j be 5 + -5 + (g - 1). Suppose -7*z + j*z = -45. What is the units digit of z?
9
Let l be 4/26 + 6/(-39). Let g be -11 + 12 + l + -1. Suppose -3*w - 3*h + 42 = g, 3*h = -0*w + 2*w - 33. What is the units digit of w?
5
Let r be (-4)/((-12)/(-9)) - 4. Let q = 9 + r. Suppose 4*j - q*y - 12 = 0, -2*j + 3*y = j - 12. What is the units digit of j?
2
Suppose -2*i - 4*z + 266 = -326, -5*i - 4*z = -1456. What is the units digit of i?
8
Suppose -14*t + 13*t - 1913 = -3*n, 5*t = -n + 643. What is the hundreds digit of n?
6
Suppose -14*f = -5404 - 728. What is the units digit of f?
8
Let z = 77